{"id":2,"date":"2026-03-07T11:25:33","date_gmt":"2026-03-07T11:25:33","guid":{"rendered":"https:\/\/rafibaovao.noblogs.org\/?page_id=2"},"modified":"2026-03-23T18:23:42","modified_gmt":"2026-03-23T18:23:42","slug":"momba-anay","status":"publish","type":"page","link":"https:\/\/rafibaovao.noblogs.org\/?page_id=2","title":{"rendered":"Momba anay &#8211; \u00c0 propos"},"content":{"rendered":"\n<h2 class=\"wp-block-heading\">Amin&rsquo;ny teny Malagasy<\/h2>\n\n\n\n<p class=\"has-text-align-justify\">I Rafi-baovao dia pejy iray ikoloantsika miaraka ny revolisionera Malagasy. Sehatra iray hizarana karazan&rsquo;asa soratra maro, na sary, maneho ny fijerin&rsquo;ny mpikarama mahakasika lohahevitra politika maro (sy izay azo avadika ho politika). Ny anton\u2019izany dia satria tsapa fa mila hevi-baovao ny vahoaka Malagasy hahafahany miheritreritra hoavy hafa. Ary raha tsy mipoitra izany hevi-baovao sy fomba fisainana vaovao izany, dia tsy hisy mihitsy ihany koa ny Malagasy vaovao hivoy sy hiady ary hampanjaka izany hevi-baovao izany. Ny zava-baovao tianay ho entina amin\u2019ny fandinihana ny fiarahamonina malagasy sy ny zava-misy ao aminy (izay efa teo ihany) dia ny <strong>marksisma<\/strong>, ary indrindra indrindra ny fivoizana ny lafy tsaran\u2019ny fampiasana fomba fijery miandany na \u00ab\u00a0<em>regard partisan<\/em>\u00a0\u00bb amin\u2019ny fandinihina sy fomba fijerena fiarahamonina.<\/p>\n\n\n\n<p class=\"has-text-align-justify\">Asa soratra isan-karazany nias\u00e0na sy nikirizana, ary koa mitondra zava-baovao hoan\u2019ny mpamaky no tianay zaraina aminareo mpanaraka anay. Ao ireo fizarana an-tsoratra na an-tsary hiresahanay ny <em>marksisma<\/em>, ireo miresaka ny traikefa ara-politikan\u2019ireo firenena entin\u2019ireo <em>marksista-leninista<\/em>, ny tolom-panafahana nataon\u2019ireo vahoaka voazanaka, ary ny tolon\u2019ireo vehivavy manohitra ny fangejana iainany nohon\u2019ny fifandraisany amin\u2019ny lehilahy. Malalaka anefa ny sehatra hiresahana ny lafim-piainana rehetra ao anatin&rsquo;izany ary tsy voafetra ho izay ihany ny horesahana ato. Araka izany dia hampifandraisana amin&rsquo;ny zava-mitranga eto amin&rsquo;ny firenena matetika ny resaka. Lafin-javatra tokony horesahana sy havohitra ireo karazam-<em>pifanoherana<\/em> (indraindray <em>fifandonana<\/em>) mampifanolana ireo mpiantsehatra ara-tsosialy isan-karazany eto Madagasikara, ahafahana mamaha ireo <em>fianoherana<\/em> ireo sy mandroso sy mamaha azy tsy hisiany intsony.<\/p>\n\n\n\n<p>Napetraka moa ny tanjona hamoahana isan-kerinandro saingy miankina feno amin\u2019ny fahafahan&rsquo;ny mpandrindra mizara amin&rsquo;ny tambajotran-tserasera kosa izany fizarana asa soratra sy sary izany, satria tsy ito irery moa no ataonay ary tetik&rsquo;asan&rsquo;ny mpitolona ihany izy ity ka izahay aza no tena miantoka ny tenanay sy ny tetikasa.<\/p>\n\n\n\n<p class=\"has-text-align-justify\">Izaho mpanoratra eto kosa no <em>Kamarady Soa<\/em>. Mpianatra M2, sehatra <em>\u00ab\u00a0science politique\u00a0\u00bb<\/em>, mianatra manokana momban&rsquo;ny \u00ab\u00a0<em>affaires publiques<\/em>\u00ab\u00a0<em>,<\/em> ao amin&rsquo;ny <a href=\"https:\/\/www.facebook.com\/IEPALTITUDE\">Instituts d&rsquo;Etudes Politiques Madagascar<\/a>. Mamarana boky mikasika ny antoko iray manan-tantara, nanana mpikambana kominista, tamin&rsquo;ireny taona 1958 ireny aho ankehitriny, ary hozaraiko eto ihany ny mombamomban&rsquo;izany boky izany rehefa vita ilay izy. Mpitolona <em>marksista-leninista<\/em> malagasy ihany koa ary mpanoratra ao amin&rsquo;ny fanehoan-kevitra marksista <em><a href=\"https:\/\/linktr.ee\/vaikafo\">Rafahafahana<\/a><\/em>, karakarain&rsquo;ny vondrona Facebook antsoina hoe: \u00ab\u00a0<em>Vaikafo\u00a0\u00bb<\/em> teo aloha.<\/p>\n\n\n\n<p>Izay sy izay ny momba ity pejy ity, sy ny tenako mpanoratra. Mirary anao mpamaky haka fy amin\u2019ny lahatsoratra zaraiko ato.<\/p>\n\n\n\n<p class=\"has-text-align-center\"><strong><a href=\"https:\/\/rafibaovao.noblogs.org\/\">Fandraisana<\/a><\/strong><\/p>\n\n\n\n<hr class=\"wp-block-separator has-alpha-channel-opacity\" \/>\n\n\n\n<h2 class=\"wp-block-heading\">Version fran\u00e7aise<\/h2>\n\n\n\n<p>Rafi.baovao est une page o\u00f9 nous construisons ensemble les r\u00e9volutionnaires malgaches. Une plateforme permettant de partager une grande vari\u00e9t\u00e9 d\u2019\u00e9crits ou d\u2019images exprimant le point de vue du public sur un large \u00e9ventail de sujets politiques (et potentiellement politiques). La raison en est que l\u2019on estime que les Malgaches ont besoin d\u2019id\u00e9es nouvelles pour pouvoir penser \u00e0 un avenir diff\u00e9rent. Et si cette nouvelle id\u00e9e et cette nouvelle fa\u00e7on de penser n\u2019\u00e9merge pas, il n\u2019y aura jamais de nouveau Malgache pour miiliter, combattre et faire pr\u00e9valoir cette nouvelle id\u00e9e. La nouveaut\u00e9 que nous souhaitons apporter \u00e0 l&rsquo;\u00e9tude de la soci\u00e9t\u00e9 malgache et de sa r\u00e9alit\u00e9 (qui est d\u00e9j\u00e0 l\u00e0) c&rsquo;est le marxisme, et surtout le c\u00f4t\u00e9 positif de l&rsquo;utilisation d&rsquo;un regard partisan dans l&rsquo;analyse et la perception de la soci\u00e9t\u00e9.<\/p>\n\n\n\n<p>Nous souhaitons partager avec vous, nos abonn\u00e9s, les diff\u00e9rents ouvrages que nous avons travaill\u00e9s, et apporter de l&rsquo;originalit\u00e9 \u00e0 nos lecteurs. Vous y trouverez des \u00e9crits et des images abordant le marxisme, l&rsquo;exp\u00e9rience politique des pays dirig\u00e9s par des marxistes-l\u00e9ninistes, la lutte de lib\u00e9ration des peuples colonis\u00e9s et la lutte des femmes contre l&rsquo;oppression masculine. Nous aborderons \u00e9galement tous les aspects de la vie. Ainsi, la conversation portera souvent sur l&rsquo;actualit\u00e9 du pays. Les aspects qui doivent \u00eatre discut\u00e9s et soulign\u00e9s sont les types de contradictions (parfois ouvertes) qui opposent les diff\u00e9rentes classes sociales \u00e0 Madagascar, afin de pouvoir r\u00e9soudre ces contradictions et d&rsquo;avancer vers une nouvelle situation o\u00f9 elles n&rsquo;existeront plus.<\/p>\n\n\n\n<p>L&rsquo;objectif \u00e9tait de publier chaque semaine, mais ce partage d&rsquo;\u00e9crits et d&rsquo;images d\u00e9pend enti\u00e8rement de la capacit\u00e9 des membres \u00e0 publier sur Internet. Comme c&rsquo;est un projet militant, tous les co\u00fbts reposent sur nous-m\u00eames et nous devons donc travailler \u00e0 c\u00f4t\u00e9.<\/p>\n\n\n\n<p>Moi, l&rsquo;auteur de ces lignes, je m&rsquo;appelle Kamarady Soa. Je suis \u00e9tudiant en deuxi\u00e8me ann\u00e9e de master en sciences politiques, sp\u00e9cialit\u00e9 \u00ab affaires publiques \u00bb, \u00e0 l&rsquo;<a href=\"https:\/\/www.facebook.com\/IEPALTITUDE\" data-type=\"link\" data-id=\"https:\/\/www.facebook.com\/IEPALTITUDE\">Institut d&rsquo;\u00e9tudes politiques de Madagascar<\/a>. Je termine actuellement un livre sur un parti historique qui comptait des membres communistes dans les ann\u00e9es 1958. Je partagerai ici les d\u00e9tails de ce livre lorsqu&rsquo;il sera termin\u00e9. Je suis un militant marxiste-l\u00e9niniste malgache et l&rsquo;ancien auteur de la page marxiste malgache <em><a href=\"https:\/\/linktr.ee\/vaikafo\" data-type=\"link\" data-id=\"https:\/\/linktr.ee\/vaikafo\">Rafafafana<\/a><\/em>, organis\u00e9e par le groupe Facebook \u00ab Vaikafo \u00bb.<\/p>\n\n\n\n<p>J&rsquo;esp\u00e8re que vous appr\u00e9cierez l&rsquo;article qu&rsquo;on partage ici.<\/p>\n\n\n\n<p class=\"has-text-align-center\"><strong><a href=\"https:\/\/rafibaovao.noblogs.org\/\" data-type=\"link\" data-id=\"https:\/\/rafibaovao.noblogs.org\/\">Accueil<\/a><\/strong><\/p>\n","protected":false},"excerpt":{"rendered":"<p>Amin&rsquo;ny teny Malagasy I Rafi-baovao dia pejy iray ikoloantsika miaraka ny revolisionera Malagasy. Sehatra iray hizarana karazan&rsquo;asa soratra maro, na sary, maneho ny fijerin&rsquo;ny mpikarama mahakasika lohahevitra politika maro (sy izay azo avadika ho politika). Ny anton\u2019izany dia satria tsapa fa mila hevi-baovao ny vahoaka Malagasy hahafahany miheritreritra hoavy hafa. Ary raha tsy mipoitra izany [&hellip;]<\/p>\n","protected":false},"author":21770,"featured_media":0,"parent":0,"menu_order":0,"comment_status":"closed","ping_status":"closed","template":"","meta":{"_locale":"fr_FR","_original_post":"https:\/\/rafibaovao.noblogs.org\/?page_id=2","footnotes":""},"class_list":["post-2","page","type-page","status-publish","hentry","fr-FR"],"_links":{"self":[{"href":"https:\/\/rafibaovao.noblogs.org\/index.php?rest_route=\/wp\/v2\/pages\/2","targetHints":{"allow":["GET"]}}],"collection":[{"href":"https:\/\/rafibaovao.noblogs.org\/index.php?rest_route=\/wp\/v2\/pages"}],"about":[{"href":"https:\/\/rafibaovao.noblogs.org\/index.php?rest_route=\/wp\/v2\/types\/page"}],"author":[{"embeddable":true,"href":"https:\/\/rafibaovao.noblogs.org\/index.php?rest_route=\/wp\/v2\/users\/21770"}],"replies":[{"embeddable":true,"href":"https:\/\/rafibaovao.noblogs.org\/index.php?rest_route=%2Fwp%2Fv2%2Fcomments&post=2"}],"version-history":[{"count":12,"href":"https:\/\/rafibaovao.noblogs.org\/index.php?rest_route=\/wp\/v2\/pages\/2\/revisions"}],"predecessor-version":[{"id":247,"href":"https:\/\/rafibaovao.noblogs.org\/index.php?rest_route=\/wp\/v2\/pages\/2\/revisions\/247"}],"wp:attachment":[{"href":"https:\/\/rafibaovao.noblogs.org\/index.php?rest_route=%2Fwp%2Fv2%2Fmedia&parent=2"}],"curies":[{"name":"wp","href":"https:\/\/api.w.org\/{rel}","templated":true}]}}